s of (-8)/(-1) + w/(-8)?
7
Let t(q) = -5*q + 19. What are the prime factors of t(-6)?
7
Suppose 8 = -d + 31. What are the prime factors of d?
23
Let o(r) = r. Let u = 10 - 10. Let w = u + 3. What are the prime factors of o(w)?
3
Let h be (4 + -2 - -1) + 13. Let m = 4 - h. List the prime factors of 2/m - (-97)/6.
2
Let n(i) = 2*i**2 - 9*i + 8. Suppose 2*r + 3*r = 35. List the prime factors of n(r).
43
Suppose 5*m - 108 = -0*m + 2*d, -d + 36 = 2*m. Suppose -4*b - m = -4, 3*w - 4*b - 28 = 0. What are the prime factors of w?
2
Suppose -5*m - 9 + 19 = 0. Suppose 0 = -2*q + 2*z + 3 - 31, 5*q + 70 = -m*z. List the prime factors of 3 + -3 - (1 + q).
13
Suppose 0*f = 5*f. Suppose f = 3*v - 220 + 88. List the prime factors of v.
2, 11
Let t(b) = -10*b + 20. What are the prime factors of t(-8)?
2, 5
Let b = 0 - -22. List the prime factors of b.
2, 11
Let a be (4/(-12))/((-2)/24). Let s(t) = t**2 - 2*t + 1. What are the prime factors of s(a)?
3
Let j = -17 + 24. List the prime factors of j.
7
Let k(d) = 3*d**3 + 2*d**2 - 2*d + 12. List the prime factors of k(5).
7, 61
Suppose 4*x + 3*b - 164 = -b, 2*x - 4*b = 100. Suppose -10 - x = -3*t. Suppose -p + 5*l + t = -12, 30 = 2*p - 4*l. What are the prime factors of p?
5
Let h(l) = 11*l - 51. What are the prime factors of h(10)?
59
Let b(i) = -i + 2. Let m be b(1). Suppose m - 6 = -a + 3*n, 0 = -a + 5*n - 3. Suppose a = 3*z - x - 1, -x + 3 = 0. What are the prime factors of z?
7
Let c(g) = g - 2. Let v be c(-6). Let l = 6 - v. What are the prime factors of l?
2, 7
Let h(g) = 6*g**2 - g. Let r be (1/3)/(2/(-6)). What are the prime factors of h(r)?
7
Let l(v) = -v**3 + 11*v**2 - 5*v - 20. List the prime factors of l(9).
97
Suppose -923 = 6*w - 2603. List the prime factors of w.
2, 5, 7
Suppose 0 = 4*u - 5*l - 39, 3*l - 34 = -3*u + 2*l. List the prime factors of u.
11
Let y(o) be the first derivative of -o**3/3 + 2*o + 1. Let z(a) = -a - 1. Let b(s) = -y(s) - 2*z(s). What are the prime factors of b(-3)?
3
Suppose 0 = 11*d - 15*d + 1188. List the prime factors of d.
3, 11
Let b = 20 + -4. What are the prime factors of b?
2
Suppose 0 = 2*k + k - 108. What are the prime factors of k?
2, 3
Let r be 0/8 + (-10)/(-1). Suppose -21 = -3*n - 3*l, -5*l = -r*l + 20. What are the prime factors of n?
3
Suppose -14 = -2*l + 2*p, p + 3*p - 14 = -3*l. Suppose 55 = -y + l*y. List the prime factors of y.
11
Let k = 31 + -29. Let o(a) = 5*a**2 + 2*a - 2. Let v be o(2). Suppose r = k*r - 3*q - 9, v = 3*r - 4*q. List the prime factors of r.
2, 3
Let w(d) = d**3 + 5*d**2 + 3*d - 1. Let a(h) = h**2 + 5*h + 1. Let r be a(-4). What are the prime factors of w(r)?
2
Let a = 12 - 11. Let x(h) = 16*h**2. List the prime factors of x(a).
2
Suppose 0 = 2*v + 3*v - 300. What are the prime factors of v?
2, 3, 5
Let p(k) = -k**2 - 9*k. Let o(x) = x + 1. Let f(y) = -4*o(y) - p(y). Let r be f(-6). Suppose n + 0 = h - 6, -2 = r*n. List the prime factors of h.
5
Let o = -9 + -3. Let b = o - -31. List the prime factors of b.
19
Suppose 3*y = -5*w + 5*y + 157, 4*w = -3*y + 121. Suppose -2*v - w = 3*v + o, -3*o + 27 = -5*v. List the prime factors of 20/v*48/(-10).
2
Let h(f) = 3*f - 7. Let b(i) = -i**3 - 6*i**2 + 5*i - 2. Let m be b(-7). Suppose 12 + m = 4*c. What are the prime factors of h(c)?
11
Let i be ((-6)/1)/((-1)/3). Suppose i - 70 = -4*g. What are the prime factors of g?
13
Suppose -c - 6 = -2*c - 3*x, 3*c + x = 10. Suppose 2*o - c*o = -6. Suppose -p + 9 = t - o, 0 = t - 4*p - 20. List the prime factors of t.
2
Suppose -5*z + 156 = -109. What are the prime factors of z?
53
Let z(f) = f**3 - 5*f**2 + f - 13. Let r be z(6). Let y = 10 + r. What are the prime factors of y?
3, 13
Suppose -5*o + 380 = 4*m, -o = 2*o + 3*m - 228. What are the prime factors of o?
2, 19
Let a be -1 + -2 + (-6)/(-2). List the prime factors of (1 + a)*(3 - -16).
19
Suppose 5*a = 4*s + 5, -5*s = 3*a - 1 - 2. Suppose -3*o + 6*o - 90 = s. List the prime factors of o.
2, 3, 5
Suppose -p + 137 = -97. Suppose 5*k - 51 - p = 0. List the prime factors of k.
3, 19
Suppose -2*f + 1 + 7 = 0. Suppose -2*z + 34 = -f*t, 6*z = 3*z - t + 44. List the prime factors of z.
3, 5
Let g(k) = 6*k - 1. Let u be g(-1). Let y = -5 - u. List the prime factors of (-15)/18*y*-6.
2, 5
Let y be (-1)/2*(46 - 0). What are the prime factors of (0 - y) + 3 + -3?
23
Let i be 45 + (1 - 0) - 0. Suppose -4*b - 5*k = i - 19, -4*b = -k + 33. Let a = 14 + b. List the prime factors of a.
2, 3
Suppose 282 = 4*c - 2*c - g, c = 4*g + 148. List the prime factors of c.
2, 5, 7
Let f(x) be the third derivative of -x**4/24 + 4*x**3/3 + 3*x**2. What are the prime factors of f(-8)?
2
Suppose o - 39 = -3*z + 2, 0 = -5*o - z + 191. List the prime factors of 3 + 12/(-2) + o.
5, 7
Let b = -87 + 54. Let v = 46 + b. What are the prime factors of v?
13
Suppose -5*m + 65 = -z + 213, 0 = 4*m - z + 118. List the prime factors of 157/6 - (-5)/m.
2, 13
Let y(v) = v - 1. Let j(p) = 4*p - 5. Let s(q) = -2*j(q) + 6*y(q). What are the prime factors of s(-10)?
2, 3
List the prime factors of (12/(-8))/((-3)/36).
2, 3
Let z(b) = 6*b. Let q be z(2). Suppose -q*s + 7*s = -155. What are the prime factors of s?
31
Suppose n - 1725 = -14*n. List the prime factors of n.
5, 23
Suppose 0 = 5*b - b - 12. Suppose -33 = -3*y + 3*f, 3*f - 18 = -b*y + f. List the prime factors of y.
2
Suppose 0 = -4*o + o + 57. List the prime factors of -2*o/4*-2.
19
Let o(j) = 0*j + 5 + j - j**3 + 4*j**2 + 0. Let b(s) = 3*s**2 + 1. Let d be b(-1). What are the prime factors of o(d)?
3
Let o(t) = t**2 + 14*t + 36. What are the prime factors of o(-17)?
3, 29
Let k = -18 + 13. Let u = 9 + k. What are the prime factors of u?
2
List the prime factors of (-333)/(-21) - (-2)/14.
2
Let v = -72 + 109. What are the prime factors of v?
37
Suppose -2*b + 5*r + 15 = 0, -5*b + 2*r + 0*r = -6. Suppose b = -u - 6 + 3. Let m(o) = -2*o**3 - 5*o**2 - o + 3. List the prime factors of m(u).
3, 5
Suppose -4*j - 8 = -32. Let c be 2/3*45/j. Suppose 2*q + 3*a = c, 30 = 7*q - 2*q + 4*a. What are the prime factors of q?
2, 5
Let q(m) = m**3 + 2*m**2 - m + 1. Let r be q(-2). Suppose s = r*w + 3*s - 83, 4*w + 3*s = 111. What are the prime factors of w?
3
Let i be 1 + 0 + 2 + -2. Let z be -50*(i + 1)/(-2). Suppose -a - z = -6*a. List the prime factors of a.
2, 5
Let h(n) = 4*n**2 + 4*n + 3. List the prime factors of h(-3).
3
Let n(o) = o**3 - 10*o**2 + o - 3. List the prime factors of n(10).
7
Let h be (2/(-1) + -2)*-2. Let u be (-23)/(-4) + 2/h. Let m(g) = g**3 - 6*g**2 + 2*g - 3. What are the prime factors of m(u)?
3
Let k = 4 - -8. Suppose 11*p - 15*p - 24 = 0. Let d = k + p. What are the prime factors of d?
2, 3
Suppose -u = -2*k - 36, -5*u + 7*u = -4*k + 72. Let b = -6 - -4. What are the prime factors of ((-8)/12)/(b/u)?
2, 3
Let h(g) = -g**2 - 3*g + 10. Let r be h(-5). Suppose 5*m - 5*l - 110 = 0, -2*l - l - 6 = r. What are the prime factors of m?
2, 5
Let y(k) = -k**2 + 8*k + 5. Let z be y(8). Let m be 6*z*4/10. What are the prime factors of m + -3*(-3)/9?
13
Let a = -2 + 13. What are the prime factors of a?
11
Let a(q) = -q**2 + 12*q - 3. What are the prime factors of a(7)?
2
Let k(q) = -q**2 + 20*q + 2. Let b(d) = -d**2 + 21*d + 2. Let z(j) = -5*b(j) + 6*k(j). What are the prime factors of z(11)?
2, 23
Let w be (-4)/2 - (1 + 2). Let v = 7 + w. Suppose 3*s = 2*j - 7, -4*j + 3*s + 25 = v. List the prime factors of j.
2
Let d(p) = -1 + 0 + 4*p + 0*p. Let g be d(2). Suppose 0 = 2*c - g*c + 20. What are the prime factors of c?
2
Suppose g = -5*l - g + 13, 5*g + 17 = 4*l. Let z = l - 3. Suppose -5*k + 11 + 9 = z. List the prime factors of k.
2
Suppose -4*g - 28 = -4*u, -4*u + 35 = -5*g + 2. Suppose s = -u*s + 24. Let l = 23 - s. List the prime factors of l.
3, 5
Let z = 4 + -1. Suppose -29 = -z*q + 25. What are the prime factors of q?
2, 3
List the prime factors of (-3)/9 + (-338)/(-6).
2, 7
Let x be -1 + 0 + 1 + -6. Let u(n) = n**3 + n**2. Let d(h) = 5*h**3 + 10*h**2 - 3*h - 7. Let o(l) = d(l) - 4*u(l). What are the prime factors of o(x)?
11
Suppose 0 = 4*s - 4. Suppose f - 1 = s. List the prime factors of f.
2
Suppose -2*g - 16 = -4*g - 3*y, 4*y + 72 = 4*g. What are the prime factors of g?
2, 7
List the prime factors of (-4)/(-10) + 3456/135.
2, 13
Suppose -2*x + 20 + 92 = 0. List the prime 